{"id":1660,"date":"2013-08-06T16:41:26","date_gmt":"2013-08-06T13:41:26","guid":{"rendered":"http:\/\/www.mustafaozcan.info\/blog\/?page_id=1660"},"modified":"2014-01-08T22:45:59","modified_gmt":"2014-01-08T20:45:59","slug":"akrabayap","status":"publish","type":"page","link":"http:\/\/www.mustafaozcan.info\/blog\/akrabayap","title":{"rendered":"TC Kimlik No ile Akrabalar\u0131n\u0131z\u0131 Bulma | mstf.akrabayap"},"content":{"rendered":"<div class=\"musta-icerikten-once\" style=\"margin-left: auto;margin-right: auto;text-align: center;\" id=\"musta-1141926252\"><div id=\"waldo-tag-4179\"><\/div><\/div><p>Sizinle ayn\u0131 soyad\u0131 ta\u015f\u0131yan akrabalar\u0131n\u0131z\u0131 tan\u0131mak ister misiniz? Ge\u00e7mi\u015ften gelece\u011fe TC Kimlik No Algoritmas\u0131<\/p>\n<div class=\"musta-icerikten-sonra\" id=\"musta-17343751\"><div id=\"waldo-tag-4184\"><\/div><\/div>","protected":false},"excerpt":{"rendered":"<p>Sizinle ayn\u0131 soyad\u0131 ta\u015f\u0131yan akrabalar\u0131n\u0131z\u0131 tan\u0131mak ister misiniz? Ge\u00e7mi\u015ften gelece\u011fe TC Kimlik No Algoritmas\u0131<\/p>\n","protected":false},"author":1,"featured_media":0,"parent":0,"menu_order":0,"comment_status":"open","ping_status":"closed","template":"tc.php","meta":{"powered_cache_disable_cache":false,"powered_cache_disable_critical_css":false,"powered_cache_specific_critical_css":false,"powered_cache_disable_css_optimization":false,"powered_cache_disable_js_optimization":false,"powered_cache_disable_js_defer":false,"powered_cache_disable_js_delay":false,"footnotes":"","_links_to":"","_links_to_target":""},"class_list":["post-1660","page","type-page","status-publish","hentry"],"_links":{"self":[{"href":"http:\/\/www.mustafaozcan.info\/blog\/wp-json\/wp\/v2\/pages\/1660","targetHints":{"allow":["GET"]}}],"collection":[{"href":"http:\/\/www.mustafaozcan.info\/blog\/wp-json\/wp\/v2\/pages"}],"about":[{"href":"http:\/\/www.mustafaozcan.info\/blog\/wp-json\/wp\/v2\/types\/page"}],"author":[{"embeddable":true,"href":"http:\/\/www.mustafaozcan.info\/blog\/wp-json\/wp\/v2\/users\/1"}],"replies":[{"embeddable":true,"href":"http:\/\/www.mustafaozcan.info\/blog\/wp-json\/wp\/v2\/comments?post=1660"}],"version-history":[{"count":0,"href":"http:\/\/www.mustafaozcan.info\/blog\/wp-json\/wp\/v2\/pages\/1660\/revisions"}],"wp:attachment":[{"href":"http:\/\/www.mustafaozcan.info\/blog\/wp-json\/wp\/v2\/media?parent=1660"}],"curies":[{"name":"wp","href":"https:\/\/api.w.org\/{rel}","templated":true}]}}